ctors of f.
2, 3, 29
Let k(p) = 2*p**2 - 17*p + 4*p**2 + 12 - 2*p. Let v = 2109 + -2102. List the prime factors of k(v).
173
Suppose -4*f = -4*j + 3640, -25*f + 29*f = -j + 905. List the prime factors of j.
3, 101
Suppose -2*g + 52 = 2*q + 2*q, -3*q + 79 = 4*g. Suppose 261 = 2*j + h - 93, -g = 4*h. List the prime factors of j.
179
Let o = -1446 + 796. Let n = o + 1156. What are the prime factors of n?
2, 11, 23
Let u = -1386 - -13683. What are the prime factors of u?
3, 4099
What are the prime factors of (-129)/(-86) - 13515/(-10)?
3, 11, 41
Let j(i) = -96*i**3 - i**2 + i + 1. Let p be j(1). Let d = p + 167. Suppose 5*f - d - 23 = 0. What are the prime factors of f?
19
Suppose -16*b + 58801 = -6543. List the prime factors of b.
2, 1021
Let s = -19435 - -26125. List the prime factors of s.
2, 3, 5, 223
Let n = 7447 - 4496. Suppose 2*k + 0*k = 5*f - n, -k = -f + 592. List the prime factors of f.
19, 31
Let x(v) = -v**3 + 7*v**2 + 7. Let j be -116 + 1*(2 - 3). Let p = 123 + j. What are the prime factors of x(p)?
43
Let c be (-2 - 173 - 1)*3/6. Let m = 322 + c. List the prime factors of m.
2, 3, 13
Let g(m) = m**3 + 4*m**2 - 7*m - 5. Let o be g(-5). Suppose -4*x - 3*h = -7, x = -o*h - 5 - 6. Suppose -34 + 414 = x*l. List the prime factors of l.
5, 19
Let m = 41 + -38. Suppose 0 = m*i - 1180 - 1028. List the prime factors of i.
2, 23
Let j(r) = -r**3 + 143*r**2 - 445*r + 792. What are the prime factors of j(138)?
2, 3, 73, 79
Let s be (20 - 2)/3 - 4. Suppose -1073 = -3*f - s*z, 31*z = -f + 26*z + 349. List the prime factors of f.
359
Let j be 85*9 + (22 - 19). Let o = j - 412. List the prime factors of o.
2, 89
What are the prime factors of (5509/21)/(9/27)?
787
Suppose 78526 = 2*n + 5*w, -27087 - 12183 = -n + w. What are the prime factors of n?
2, 9817
Suppose 4*b - z = 215, 0*b = 4*b + 2*z - 230. Suppose -4*f - f + i + 3206 = 0, 5*i - 20 = 0. Suppose 61*u = b*u + f. List the prime factors of u.
107
Let p(y) = 119*y**2 - y. Let a be p(-1). Let t = 110 + a. What are the prime factors of t?
2, 5, 23
Suppose 4*j + f - 17 = 4*f, 2 = j - 3*f. Suppose 46 + j = 4*c + 3*k, k + 47 = 4*c. Suppose 2*b + 6*t - c = t, 63 = 5*b - 4*t. What are the prime factors of b?
11
Let r(v) = 1746*v - 3550. List the prime factors of r(14).
2, 31, 337
Let h = -362 + 1096. Let w = h - 551. List the prime factors of w.
3, 61
Let a(q) = 23*q + 113. Let v be a(-5). List the prime factors of (6739/69)/(v/(-6)).
293
Let p = 11451 - 7939. What are the prime factors of p?
2, 439
Let q(p) = 55*p + 6. Let v be q(-5). Let f = 148 + v. Let h = 171 + f. List the prime factors of h.
2, 5
Let h(v) = v**3 + 10*v**2 - 2*v - 8. Let b be h(-10). Suppose 8*m - 4*m - b = -2*c, -3*c + 40 = -5*m. What are the prime factors of (-3 + c)/1 + -2?
5
Suppose -279*t + 280*t = 12. Suppose x = 3*x - 324. Let u = x - t. What are the prime factors of u?
2, 3, 5
Let s(b) = 39*b**3 - 5*b**2 + 43*b - 110. List the prime factors of s(7).
3, 4441
Let s(g) = -2*g**3 - 14*g**2 + 9*g + 10. Suppose 12 = -0*k - 3*k, 3*k + 36 = -3*m. What are the prime factors of s(m)?
2, 3, 11
Suppose -n + 5 = -r - 6*n, 4*r - 4*n = 28. Suppose r*u - 1212 = -w, -2*w + 3*u = -5*w + 3636. What are the prime factors of w?
2, 3, 101
Suppose 0 = 49*a - 52*a. Suppose 12*u - 7284 + 1164 = a. What are the prime factors of u?
2, 3, 5, 17
Suppose -11*h + 2006 + 348 = 0. Let y(o) = o**3 + o**2 + 2. Let n be y(3). Let g = h - n. List the prime factors of g.
2, 11
Let z(s) = -8*s**3 + 3*s**2 - 6*s - 19. Suppose q + 2*l + 8 = 0, 16 = -0*q - 5*q + 2*l. List the prime factors of z(q).
5, 113
Let n be 10/((-40)/(-8))*(-4164)/(-4). Let k = n + -420. List the prime factors of k.
2, 3, 277
Let h = -39 + 43. Suppose 436 = 6*z - 92. Suppose -2*s = -4*v + z, 0*s - 5*s - 82 = -h*v. What are the prime factors of v?
23
Let y = -108 + 94. List the prime factors of (y/7)/(3 - (-4078)/(-1358)).
7, 97
Let l = 378 + -44. Suppose -o - 5*m = 3*o - l, -5*o = 2*m - 409. Suppose 5*z = -2*q + 135 + o, z = -4*q + 396. List the prime factors of q.
2, 7
What are the prime factors of -6921*21/(-252)*8/3?
2, 769
Let s be (-2 - 9/(-4)) + 15215/4. What are the prime factors of s*(-12)/108*(-5 + 2)?
2, 317
Let y(h) = 2*h**2 + 55*h - 147. Let t be y(-30). Suppose -4*w + 3968 = 5*d, 3*w - t*d + 1982 = 5*w. What are the prime factors of w?
997
Let m(j) = 20*j**2 - j + 2. Let l be -4 + -1 + 2 + -3 + 4. Let z be m(l). Suppose -2*a = 5*d - 81, 2*a + z = 4*a + 2*d. List the prime factors of a.
43
Suppose 3 = p + 4*u, -2*p - 2*u - u = 4. Let n(m) = m**2 - m - 10. Let k be n(p). Let h = k + -15. List the prime factors of h.
5
Suppose -24 = -4*l + 4*h, -2*l = -3*l - 2*h. Suppose 450 = 2*d - d + y, l*y + 1800 = 4*d. List the prime factors of d.
2, 3, 5
Suppose 3*d - 5*z - 84838 = 1954, 3*d - 86856 = -3*z. List the prime factors of d.
2, 3, 67
Let v = 2165 + -1154. Suppose 3*p = 2*w - v, 2027 = 6*w - 2*w - 5*p. List the prime factors of w.
3, 19
Suppose 8056 = 5*z - w - 4127, z + w = 2433. Suppose 7*m = 5*g + m - 6090, z = 2*g + 5*m. List the prime factors of g.
2, 3, 7, 29
Let r be (-437*2)/(6 + 510/(-84)). Suppose -r = 26*f - 62962. List the prime factors of f.
1951
Let n(h) = -2*h - 4*h**3 + 8*h**2 + 10 + 5*h**3 - 5*h. Let t be n(-8). Suppose -201 = -3*g - t. List the prime factors of g.
3, 5
Let o = -16 - -16. List the prime factors of 586*7/7 - o.
2, 293
Let k(b) = -56*b**2 - 132*b - 910. Let a(y) = 22*y**2 + 53*y + 364. Let l(t) = -12*a(t) - 5*k(t). What are the prime factors of l(-6)?
2, 307
Let z(n) = n + n**3 - 5*n**3 + 5*n**3 - n**2 - 1. Let c(y) = 2*y**3 + 4*y**2 - 2*y - 3. Let a(w) = c(w) - 3*z(w). What are the prime factors of a(5)?
5
Suppose -14*r + 4324 = 1426. List the prime factors of (-19)/(-4)*(-11 + r).
7, 19
Let g(c) = 24*c**2 + 6*c + 1. Let r be g(3). Let v = 123 - r. Let d = v - -213. List the prime factors of d.
101
Suppose 0 = -41*s + 20*s + 9702. Suppose -4*u = 2*v - 3068, u + 5*v = s + 323. What are the prime factors of u?
3, 5, 17
Suppose 2*g - g = -4*v + 335, 5*v = g - 380. Let d be 30/(-1*6/16*-1). Suppose d - g = -5*i. What are the prime factors of i?
5, 11
What are the prime factors of 6789 + (33 - (15 + 1))?
2, 41, 83
Let l be (-1)/2 - (-185)/(-20)*70. Let p = -426 - l. List the prime factors of p.
2, 3, 37
Let l(k) = k**3 - 2*k + 441. Let v be l(0). Suppose -7*f + 333 = -4*f + 3*p, v = 4*f + 5*p. What are the prime factors of f?
2, 3, 19
Suppose 2501737 + 739113 = 80*p + 364210. What are the prime factors of p?
2, 3, 13, 461
Let o be (-441)/(-35) + 2/5. Suppose 4*w = o*w - 36. Suppose 3*d + 98 = t - 2*d, 0 = w*t + d - 392. What are the prime factors of t?
2, 7
Let k(d) = d**3 - 2*d**2 + 3*d + 5. Suppose -6*x + 192 = 6*x. Let a(q) = q**2 - 14*q - 27. Let z be a(x). What are the prime factors of k(z)?
5, 19
Suppose 4510241 = 185*v - 2250463 + 847179. List the prime factors of v.
3, 5, 2131
Let a = -60270 - -89106. List the prime factors of a.
2, 3, 89
Let w(y) = -3*y**3 - 13*y**2 - 6*y - 6. Let c be w(-4). Suppose 4*k - 2688 = 5*a, -c*k + k = 4*a - 672. List the prime factors of k.
2, 3, 7
Let c(r) = 84*r + 4. Let d be c(-1). Let x = 85 + d. Suppose -2*u + 455 = -4*a + 77, -4*u + x*a = -768. List the prime factors of u.
197
Suppose -2*q + 4 = 2, 5*n - 12 = -2*q. Let l(c) = 18*c**2 + 2*c + 20*c**n + 6 - 37*c**2. List the prime factors of l(-7).
41
Let s(h) = -4 + 11*h + 10*h - 9 - 9 - 9. What are the prime factors of s(25)?
2, 13, 19
Suppose 0 = 68*u - 66*u - 3*z - 15186, -u + 7593 = -5*z. What are the prime factors of u?
3, 2531
Let h = 2330 + 120. What are the prime factors of h?
2, 5, 7
What are the prime factors of (-582672)/(-14) + 60/(-210) - (-1)/(-7)?
3, 13873
Let n = 616 + -612. Suppose v = 4*t + 583, 790 = n*v - 2*t - 1556. List the prime factors of v.
587
Let j be (12 + -300)*(-30)/8. Let i be 9/21 + j/(-21). Let z = 99 + i. What are the prime factors of z?
2, 3
Let h be 1398/10*2*(-230)/(-4). Suppose -47043 = -39*f - h. List the prime factors of f.
2, 397
Let f(n) = 9*n + 127. Let y be f(5). Let q = 286 - y. What are the prime factors of q?
2, 3, 19
What are the prime factors of -1 - 3 - -4542 - (-2 - -9)?
23, 197
Suppose 6602 + 297898 = 60*r. List the prime factors of r.
5, 7, 29
Suppose -60 = w - 64. List the prime factors of ((408/(-9))/w)/